ase 5?
-2211123333
What is -153035226 (base 7) in base 10?
-10244499
-549939 (base 12) to base 14
-26db1b
Convert -603b91 (base 14) to base 11.
-1911395
-74765 (base 13) to base 12
-a1625
1730579 (base 14) to base 8
53416317
-25956b0 (base 12) to base 2
-11100010001101010100100
Convert -201210312 (base 4) to base 13.
-4a79c
What is -1001012112 (base 4) in base 12?
-10a386
What is 14043982 (base 10) in base 3?
222102111201111
What is -1348d4 (base 14) in base 6?
-22134230
2340cb (base 16) to base 6
121304015
Convert -10101000110011011101 (base 2) to base 4.
-2220303131
Convert 1110220020002 (base 3) to base 2.
10111111101110010001
What is 23336772 (base 8) in base 16?
4dbdfa
Convert 1252818 (base 9) to base 2.
10100111000110110011
-5445117 (base 8) to base 10
-1460815
111102221200100 (base 3) to base 14
d3d6b4
Convert 34333142 (base 5) to base 9.
520220
Convert 21107465 (base 9) to base 15.
d5ae0e
13321010020 (base 4) to base 6
112201304
Convert 21425215 (base 7) to base 14.
35c07c
What is 110102330220 (base 4) in base 6?
310011520
Convert 15541464 (base 9) to base 15.
a35134
What is 64c77 (base 15) in base 8?
1161076
What is -5805543 (base 9) in base 7?
-35431053
627466 (base 8) to base 15
41c7e
What is 111010010011011100011 (base 2) in base 7?
22144653
Convert -74603477 (base 8) to base 16.
-f3073f
What is -13242441 (base 5) in base 10?
-134121
Convert 553834 (base 13) to base 14.
3a3716
What is -11001010101101001000010 (base 2) in base 8?
-31255102
What is -29b232 (base 12) in base 3?
-1022202012002
Convert -3152320 (base 6) to base 16.
-25c98
What is 57286 (base 9) in base 8?
112404
Convert -225d7 (base 14) to base 5.
-10132424
-423761 (base 9) to base 11
-162477
-11100100 (base 3) to base 4
-301200
What is -519247 (base 11) in base 6?
-25500344
Convert 18857 (base 11) to base 4.
12123033
What is 16622125 (base 8) in base 13?
a59261
Convert 589353 (base 11) to base 4.
3210031333
What is -65216 (base 8) in base 13?
-c554
What is -530bb0 (base 14) in base 11?
-1647776
What is 2d7614 (base 14) in base 6?
54110214
What is -1101100100101010 (base 2) in base 12?
-2820a
Convert 551310 (base 9) to base 15.
67756
Convert 21232420 (base 5) to base 13.
6412b
What is -114353 (base 8) in base 9?
-58626
-103331202 (base 4) to base 3
-11011011020
What is 1b01a7 (base 15) in base 9?
2426064
Convert -2221110 (base 5) to base 2.
-1001011111111001
What is -12341615 (base 7) in base 16?
-11151b
Convert -66264456 (base 7) to base 16.
-56ed0d
What is 1108242 (base 11) in base 8?
7323774
Convert 221034203 (base 6) to base 16.
3c961b
What is -111211012 (base 4) in base 2?
-10101100101000110
-111553a (base 11) to base 5
-1000021211
Convert -110130321 (base 4) to base 2.
-10100011100111001
Convert 4b5ab4 (base 14) to base 5.
1130332320
Convert 7679f0 (base 16) to base 11.
4423614
What is -a5c2 (base 15) in base 10?
-35057
Convert -123321312 (base 4) to base 14.
-2d91c
Convert -109119 (base 10) to base 15.
-224e9
Convert 252125 (base 8) to base 6.
1511205
Convert -2738921 (base 11) to base 13.
-c9625c
Convert -103133103 (base 4) to base 10.
-79827
-1001110000001011 (base 2) to base 5
-2234242
10232014223 (base 5) to base 2
101001010000000011111000
Convert -1675491 (base 12) to base 16.
-46b36d
-136416 (base 14) to base 5
-132422330
What is -81637 (base 11) in base 15?
-254d5
-227594 (base 11) to base 15
-7213e
What is -14506686 (base 9) in base 14?
-d59228
208d4 (base 15) to base 11
70633
What is -2365a9 (base 11) in base 6?
-12010515
What is 49c0f (base 16) in base 5?
34131340
-1259596 (base 14) to base 15
-b9439c
Convert -1080a46 (base 11) to base 16.
-1cd69d
Convert -76764 (base 14) to base 8.
-1060164
-3987647 (base 10) to base 14
-75b31d
What is 21250815 (base 9) in base 15?
d76ace
-323364 (base 7) to base 6
-1113153
87c2c (base 14) to base 9
551175
Convert 10d15 (base 15) to base 16.
d142
-1188ab (base 15) to base 16
-ccd31
What is 1261230 (base 7) in base 10?
166131
-156b76 (base 13) to base 7
-4332651
-a31884 (base 11) to base 13
-460190
What is -120020212210000 (base 3) in base 12?
-286b6b3
What is -211022012022 (base 3) in base 4?
-1223023121
164556 (base 8) to base 5
3403013
Convert 381342 (base 13) to base 4.
11020121211
What is 10110100100101101 (base 2) in base 5?
10424321
What is -132000022 (base 4) in base 16?
-1e00a
Convert -101200112202 (base 3) to base 4.
-303112232
What is -70c70c (base 15) in base 2?
-10100011100000010010000
What is -32c336 (base 13) in base 2?
-100100100011101011101
Convert -6688554 (base 10) to base 7.
-110565105
13013 (base 10) to base 3
122211222
What is 770936 (base 13) in base 12?
b30828
What is -1100101001101110 (base 2) in base 10?
-51822
Convert -1030430 (base 7) to base 8.
-364215
Convert ab208 (base 12) to base 15.
4725e
-134242444 (base 5) to base 12
-297180
Convert 11111110000000001101 (base 2) to base 8.
3760015
Convert 1bc7776 (base 13) to base 8.
43272227
What is 3e29a (base 16) in base 12?
103422
Convert 32424334 (base 7) to base 15.
39d851
-1100323000 (base 4) to base 6
-11034304
Convert 551156 (base 7) to base 6.
2022345
Convert 3521296 (base 11) to base 12.
208766a
-4030034 (base 8) to base 9
-1886238
What is -49c09 (base 13) in base 8?
-411566
What is c723eb (base 15) in base 4?
210021013121
Convert -e2c2 (base 16) to base 11.
-3a683
Convert -17815 (base 13) to base 9.
-68134
What is 6b7b85 (base 14) in base 3?
20220111200000
What is 13899 (base 16) in base 4?
103202121
6a30c5 (base 16) to base 7
113103336
Convert -1145250 (base 8) to base 12.
-131888
What is 1000411434 (base 5) in base 9?
3626463
-271438 (base 9) to base 15
-33dc8
What is 103202310 (base 4) in base 8?
234264
Convert -3e793 (base 16) to base 8.
-763623
Convert -4386b (base 16) to base 9.
-461358
What is -22112210100022 (base 3) in base 10?
-4542650
Convert -20022122212 (base 3) to base 5.
-12440122
What is 53008 (base 13) in base 10?
149404
Convert -2564611 (base 8) to base 12.
-2a5a35
Convert -a6185a (base 11) to base 4.
-12133031300
What is c95bd (base 14) in base 12?
1b5897
Convert 1101100000110010100000 (base 2) to base 5.
1401322201
What is -11304012 (base 7) in base 14?
-1bbc42
100000010101010101 (base 2) to base 13
48386
Convert -42144343 (base 8) to base 2.
-100010001100100011100011
183d97d (base 15) to base 11
9a74954
Convert -33513376 (base 9) to base 13.
-349b435
What is -8f1023 (base 16) in base 15?
-c5301e
What is 10420051 (base 6) in base 4?
1030210333
What is -33510713 (base 8) in base 4?
-123221013023
23200030133 (base 4) to base 11
177a613
What is -2254103 (base 6) in base 3?
-12220110110
-32795 (base 10) to base 13
-11c09
What is -5551792 (base 11) in base 4?
-211021210300
Convert -12121210012021 (base 3) to base 2.
-1011011001011001000000
What is -1112021222 (base 3) in base 13?
-10919
-4551443 (base 6) to base 3
-102210202100
What is 122330212 (base 4) in base 9?
177357
What is -32628a (base 12) in base 13?
-21c72a
Convert -122021202220 (base 3) to base 13.
-bbb63
-220210120 (base 4) to base 13
-5a832
What is -1100110110010000101110 (base 2) in base 4?
-30312100232
Convert 4018208 (base 9) to base 8.
10120327
What is -1765fb (base 16) in base 15?
-204540
What is -b5241 (base 12) in base 10?
-237073
Convert -40057575 (base 8) to base 13.
-198744c
-1636052 (base 9) to base 3
-1201020001202
Convert 1233103 (base 5) to base 4.
11321121
2a1186 (base 13) to base 8
3735020
-3335151 (base 8) to base 15
-12b894
Convert 10021012201110 (base 3) to base 15.
2446b9
Convert 1011101001100100001011 (base 2) to base 14.
596cb1
417199 (base 14) to base 10
2209251
Convert 38632 (base 12) to base 7.
440204
Convert -28561b (base 14) to base 16.
-155489
What is -12324220 (base 5) in base 15?
-25ac5
-22961d (base 15) to base 7
-20016415
What is 102313400 (base 5) in base 12?
18a252
22167a (base 11) to base 8
1262370
2420642 (base 10) to base 2
1001001110111110100010
Convert -54563a (base 11) to base 6.
-30401311
Convert -2341442 (base 5) to base 8.
-124554
2447352 (base 9) to base 6
44304415
Convert 1201241212 (base 5) to base 14.
51b628
Convert 43e5c (base 15) to base 14.
5894a
231a68a (base 12) to base 5
3212214300
Convert 332320203 (base 4) to base 11.
166576
29a735 (base 11) to base 9
783053
What is 420e4 (base 15) in base 9?
348287
123